ase 3, what is -2022120102 - 21?
-2022120200
In base 5, what is -11412 + 1410?
-10002
In base 5, what is -2 - 312142?
-312144
In base 10, what is -362926 - 2?
-362928
In base 5, what is -2242 - -133?
-2104
In base 13, what is 4a636 - 22?
4a614
In base 6, what is 1154400 + 100?
1154500
In base 13, what is 3a9 - -77?
453
In base 12, what is -451b - -1?
-451a
In base 13, what is -1a43 - bc?
-1b32
In base 16, what is 5c - 3501?
-34a5
In base 5, what is -2344 - -2040?
-304
In base 3, what is -112011220 + -10211?
-112022201
In base 3, what is 0 - 11012012110?
-11012012110
In base 10, what is -3 + -125609?
-125612
In base 5, what is 14232024 - 0?
14232024
In base 5, what is -2334 - -1400?
-434
In base 2, what is 11001 - 10011110101?
-10011011100
In base 14, what is b - -3aad?
3aba
In base 7, what is 112 + -6011?
-5566
In base 15, what is 4 - -a9e38?
a9e3c
In base 13, what is -24a + -17c?
-3c9
In base 4, what is -1012320003 - -3?
-1012320000
In base 15, what is -1c2e + d?
-1c21
In base 3, what is 1110221211200 - 0?
1110221211200
In base 11, what is 15 + -2915?
-2900
In base 4, what is 1233010102 - 32?
1233010010
In base 8, what is 76477 - -1?
76500
In base 6, what is 445022 + -4?
445014
In base 7, what is 1331 + 15151?
16512
In base 9, what is -183311 - 1?
-183312
In base 14, what is 2275 + 4?
2279
In base 2, what is -10000110010100110 + 110?
-10000110010100000
In base 7, what is -43 + 10505?
10432
In base 11, what is 0 - 1a2aa8?
-1a2aa8
In base 3, what is 102222011210 + 2?
102222011212
In base 3, what is -12001202020 + 2?
-12001202011
In base 4, what is -10 + 2001323210?
2001323200
In base 5, what is -321342 + 10?
-321332
In base 5, what is 2032201 + 3?
2032204
In base 5, what is 1103332442 - 4?
1103332433
In base 11, what is -1 - -456275?
456274
In base 8, what is -100123 + 27?
-100074
In base 2, what is 100000 + 100000010101101?
100000011001101
In base 4, what is -12222101000 - -3?
-12222100331
In base 7, what is 62610 - 241?
62336
In base 2, what is -100 - -101110100110011?
101110100101111
In base 15, what is 16d - 1ea?
-7c
In base 7, what is 60102 - 221?
56551
In base 2, what is -10010 - -1011010000?
1010111110
In base 10, what is -6 - -9793?
9787
In base 15, what is 45 + -b969?
-b924
In base 15, what is -40 + -3e?
-7e
In base 7, what is 300642 + 153?
301125
In base 2, what is 0 - 110101001111000111?
-110101001111000111
In base 14, what is 2 + -d4c?
-d4a
In base 16, what is -254 + 4d1?
27d
In base 7, what is 255463 - 5?
255455
In base 5, what is -42242 - -42?
-42200
In base 14, what is 31 + 269c?
26cd
In base 4, what is 10102 + -21011?
-10303
In base 10, what is 107 + -474?
-367
In base 16, what is -1 + -7fe3d?
-7fe3e
In base 8, what is 253 - -142?
415
In base 2, what is 10 + 10011010000110000?
10011010000110010
In base 16, what is 35db + -5?
35d6
In base 12, what is -3 - -565a?
5657
In base 12, what is -330 - -14?
-318
In base 4, what is -1103333 + -22?
-1110021
In base 3, what is 1010202101 - 11?
1010202020
In base 15, what is -2dd - 614?
-902
In base 14, what is 3 - -3321a?
3321d
In base 9, what is -280644 - -6?
-280637
In base 2, what is 1110101 - -100011000011110?
100011010010011
In base 12, what is 136 + b?
145
In base 16, what is -a14d - -44?
-a109
In base 7, what is 116 + 14252?
14401
In base 6, what is 220 + -4520?
-4300
In base 3, what is 1200 - -10200?
12100
In base 5, what is -102102130 + -2?
-102102132
In base 5, what is -221 - -142101?
141330
In base 5, what is -420230110 - 11?
-420230121
In base 4, what is 10 - -202323023?
202323033
In base 5, what is 14142 + -130?
14012
In base 6, what is -2334 - -211?
-2123
In base 4, what is 3 - -230012?
230021
In base 4, what is -330312313 - 2?
-330312321
In base 8, what is 1 - 541052?
-541051
In base 13, what is 4c5 + 28?
520
In base 8, what is 3344 - -60?
3424
In base 8, what is 102 - -15206?
15310
In base 7, what is 4600 - 14?
4553
In base 12, what is -a095 - 7?
-a0a0
In base 6, what is -22 + -32550?
-33012
In base 16, what is -c02 + -93?
-c95
In base 15, what is c7b - -1?
c7c
In base 6, what is -2 - 523403?
-523405
In base 8, what is 375 + 77?
474
In base 4, what is 320 + 22323?
23303
In base 8, what is -7607 + 4?
-7603
In base 7, what is -31320 + 1?
-31316
In base 12, what is 1ab642 + 8?
1ab64a
In base 11, what is -165 - 0?
-165
In base 5, what is 2024 - 321?
1203
In base 9, what is -16 - -126235?
126218
In base 2, what is -10111001 + -10111001011?
-11010000100
In base 16, what is -43704 + -2?
-43706
In base 2, what is -11000011 + 110011?
-10010000
In base 8, what is 12622 + -4?
12616
In base 4, what is -2 - -123303213?
123303211
In base 8, what is 2 + -1400357?
-1400355
In base 14, what is -6 - -215c?
2156
In base 11, what is -82 + -8?
-8a
In base 3, what is -1211 - 10121?
-12102
In base 9, what is 201 + 546?
747
In base 7, what is -30 + 200453?
200423
In base 5, what is -1310003 + -22?
-1310030
In base 12, what is -1 - -28519?
28518
In base 7, what is -23411502 + 0?
-23411502
In base 16, what is -1f468 + 2?
-1f466
In base 16, what is -4 - 150892?
-150896
In base 9, what is -8513 - 5?
-8518
In base 14, what is -dc + 6337?
6239
In base 9, what is 650324 - 5?
650318
In base 8, what is 124 + -26271?
-26145
In base 13, what is 208 - 176b?
-1563
In base 9, what is -486777 - 13?
-486801
In base 12, what is -28227 + 7?
-28220
In base 12, what is 5517 + -15a?
5379
In base 12, what is 213 + -4b?
184
In base 15, what is -5 - 37da?
-37e0
In base 11, what is 18380 + -23a?
18141
In base 2, what is 1110101011 - -11100100?
10010001111
In base 10, what is -57 + -1600?
-1657
In base 3, what is -101111221 - -1110?
-101110111
In base 11, what is 1403 + 8?
1410
In base 11, what is 5 + -a9aa?
-a9a5
In base 2, what is 1 + 11100101100000?
11100101100001
In base 16, what is 32 - -7bf2?
7c24
In base 9, what is 135 - 207?
-62
In base 4, what is 111211 - -2?
111213
In base 5, what is -30 + 2431?
2401
In base 10, what is 9 + -195056?
-195047
In base 11, what is -1 - 13996?
-13997
In base 7, what is -3 - -32450?
32444
In base 4, what is -12003 + -3002?
-21011
In base 14, what is -375 + -32?
-3a7
In base 2, what is -10101010010 + -101111?
-10110000001
In base 12, what is -1 - -1967a?
19679
In base 8, what is 42 - 6077?
-6035
In base 14, what is 5 - -14caa1?
14caa6
In base 11, what is 5 - 35052?
-35048
In base 14, what is b1 - 10d?
-3c
In base 11, what is -925 + -25?
-94a
In base 11, what is 51a42 - 5?
51a38
In base 14, what is 390b1 + 8?
390b9
In base 10, what is 1547 + -11?
1536
In base 15, what is 143 - 1242?
-10ee
In base 12, what is -2b7 - 733?
-a2a
In base 6, what is -125502 + -3?
-125505
In base 13, what is 7 - -3617?
3621
In base 12, what is -333 + 7?
-328
In base 2, what is 1110100110 + 11111?
1111000101
In base 11, what is -126a751 + 2?
-126a74a
In base 5, what is -113 - 2440?
-3103
In base 12, what is -3710 + -2aa?
-39ba
In base 5, what is 32 + 210411?
210443
In base 2, what is 10001001000100 + -10111011?
10000110001001
In base 4, what is 10101 + 331012?
1001113
In base 11, what is 97a - -3?
982
In base 11, what is -6178 + -5?
-6182
In base 10, what is 3 - -10995?
10998
In base 2, what is -100000111 + 101001110?
1000111
In base 4, what is 202003321 - 1?
202003320
In base 9, what is 2812462 - 2?
2812460
In base 9, what is -16 + 353?
336
In base 9, what is -23362 + -23?
-23385
In base 2, what is -110101010011010010 - -101?
-110101010011001101
In base 4, what is -1002332 + 12?
-1002320
In base 11, what is -378a88a - 0?
-378a88a
In base 11, what is 1 + -5296?
-5295
In base 16, what is 8c9a - -5?
8c9f
In base 14, what is -609 - 4cb?
-ad6
In base 7, what is 1230 - 13042?
-11512
In base 3, what is -10000002 - 10201?
-10010210
In base 16, what is 3 - -1225?
1228
In base 6, what is 1013 + -11023?
-10010
In base 5, what is 123 - 10221013?
-10220340
In base 16, what is -9 + -1cb1f?
-1cb28
In base 13, what is 282a4 + 2?
282a6
In base 11, what is -11 + 2789?
2778
In base 14, what is 12b968 + 2?
12b96a
In base 2, what is 10110 + 11110000000010?
11110000011000
In base 16, what is -4ef3 + c?
-4ee7
In base 4, what is 20003333 + 13?
20010012
In base 14, what is 1 - -17526?
17527
In base 7, what is -20625035 - -5?
-20625030
In base 16, what is -4a - 1068?
-10b2
In base 9, what is -2 + -124004?
-124006
In base 10, what is 